*r**3/3 + r**2 + 12. What is the units digit of a(-4)?
0
Let b = -25 - -41. Let o = b + -15. Let j(f) = 29*f**3 - f + 2. What is the tens digit of j(o)?
3
Let x = -30 + 170. Let b = x - -119. What is the units digit of b?
9
Let j(z) = -35*z - 56. Let r(s) = -9*s - 14. Let o = 68 - 59. Let t(c) = o*r(c) - 2*j(c). What is the tens digit of t(-5)?
4
Let l(b) = 6*b + 56. Let x be l(-8). Suppose 0 = -x*w - 62 + 1334. What is the tens digit of w?
5
Let y(g) = 2156*g + 8850. What is the hundreds digit of y(22)?
2
Let j = 45 + -20. Let r = -19 + j. Suppose 2*l + 152 = r*l. What is the units digit of l?
8
What is the units digit of 4694/54 - (-312)/4212?
7
Suppose -3*q = 4*o - 21881, -7*q + 8282 + 42761 = 3*o. What is the tens digit of q?
9
Let d(s) = -119*s + 305. What is the units digit of d(-28)?
7
What is the thousands digit of -1 - 42 - -48 - (-61603)/1?
1
Let a(j) = 416*j - 8021. What is the ten thousands digit of a(102)?
3
Suppose -4*r - 2*c + 1134 = 0, 3*r + 14*c = 11*c + 855. Let d = 24 + r. What is the units digit of d?
6
Let m be (-1 - 22)*-6 - 0. Let d = m - -670. Suppose 0*l = 8*l - d. What is the units digit of l?
1
What is the hundreds digit of 505/4*222/185*(-3234)/(-9)?
4
Let f = -156 + 439. Let l = -45 - -173. Let x = f - l. What is the hundreds digit of x?
1
Let t(s) = -s**3 - 3*s**2 + 4. Let j be t(-2). Suppose -d - 3*h = j, 2*d = 4*d + h - 5. Suppose 102 + 81 = d*n. What is the tens digit of n?
6
Let o = 1 + 0. Suppose 2*g + 3*s = g + o, s = 5*g - 21. Suppose -g*i + 5*i = 23. What is the units digit of i?
3
Suppose -y + 0*y + 183724 = 22*y. What is the hundreds digit of y?
9
Suppose -h = j - 146, h - 3*j = -0*h + 126. Suppose 601 = 2*r - h. What is the tens digit of r?
7
Let l = 173 + -171. What is the hundreds digit of -16 + 455 + l/(-2)?
4
Let q(j) = 744*j - 556. What is the thousands digit of q(12)?
8
Let q be (-7)/((-35)/(-620))*-1. Suppose 2*y - 5*y = -6. What is the units digit of q/8*(y + 0)?
1
Suppose -4*q - 3 = -3*t + 14, -11 = -5*t - 2*q. Suppose -2*x - 4421 = -t*b - 202, b + 2*x - 1417 = 0. What is the thousands digit of b?
1
Suppose -g + 2*b + 9 = -1, 5 = -g - b. Let x be g + 4 + -7 + 246. Let m = -149 + x. What is the units digit of m?
4
Suppose -4*n + 79 = 55. Suppose 3*d = 2*q - 9, 4*q + n = -q - 2*d. Suppose q*m + 44 = m. What is the tens digit of m?
4
Suppose -23508 = -26*v + 42038. What is the thousands digit of v?
2
Let a = 754 + 10173. What is the units digit of a?
7
Suppose -27*u - 483 + 17844 = 0. What is the units digit of u?
3
Let n = 523 - 339. Let v = n - 171. What is the tens digit of v?
1
Let f(c) = 15*c**3 - 23*c**2 - 11*c - 86. What is the hundreds digit of f(13)?
8
Suppose 23*o - 24*o + 8815 = -5*d, d - 43945 = -5*o. What is the hundreds digit of o?
7
Let f(k) = k**3 - k**2 - 2*k + 2709. Let l be f(0). Suppose -3*g - l = -5*y, 2*y - g - 1084 = -0*y. Suppose 69 = -2*q + y. What is the hundreds digit of q?
2
Suppose -1241459 = -92*r + 32097. What is the thousands digit of r?
3
Suppose 12*l = -11*l - 5428. Let z = 246 + l. What is the tens digit of z?
1
Suppose -2*m - 5*p - 5 = 0, -p - 3*p = 3*m - 3. Suppose 3*t - 23 = c, -10 = -m*c + 2*t - 60. What is the tens digit of (60 + -76)/(2/c + 0)?
6
Suppose 4*p = 5*j + 994, 4*p = 5*j - j + 796. Let q be (-12087)/(-34)*22/(-99). Let x = q - j. What is the hundreds digit of x?
1
Suppose -d - 180 = -5*d. Let a be 3/(d/40)*-30. Let o = 149 + a. What is the units digit of o?
9
Suppose 4*o = -4*m + 95964, -2*o + 8388 = -m - 39573. What is the tens digit of o?
8
Suppose 0 = 10*m + m + 22. Let c(b) = -3*b - 9. Let u be c(-6). What is the tens digit of 533/u - m/(-9)?
5
Let l(j) = -65*j - 1. Let o be l(-2). Let h = o + -126. What is the hundreds digit of (249 - 5)/(h*2/3)?
1
Let o(u) = 49*u - 11. What is the units digit of o(35)?
4
Let z = -624 + 174. Let n = 555 + z. What is the tens digit of n?
0
Suppose -21*n + 111110 + 38871 = -25936. What is the units digit of n?
7
Let o = -184 - -186. Suppose -5*y + 2578 = 4*a, 3*a - 1418 = -o*y - 384. What is the hundreds digit of y?
5
Let i(k) = -k**3 - 7*k**2 - 5*k - 8. Let b be i(-7). Let r = b + 25. Let n = 11 + r. What is the tens digit of n?
6
Let t = 210 + -178. Suppose t*k - 3278 = 11890. What is the hundreds digit of k?
4
Let m(l) = -177*l - 453. What is the hundreds digit of m(-47)?
8
Let h be -37*((-1)/(-2))/((-2)/(-44)). Let u = -176 - h. What is the tens digit of u?
3
Let h(p) = 2*p**2 + 94*p + 1047. Let r be h(-18). Suppose -2*q - 2*q = 0. Suppose -3*v + q*k = 4*k - 19, 3*v = -r*k + 24. What is the units digit of v?
3
Suppose -5*c - 95 + 10575 = 0. Suppose -5*a + 3176 = u + 532, 0 = 4*a - 4*u - c. What is the units digit of a?
8
Suppose 16 = -62*g + 60*g. Let i = 11 - -67. Let b = i + g. What is the tens digit of b?
7
Suppose 0 = 206*q - 1308256 - 1043646. What is the thousands digit of q?
1
Let r(x) be the second derivative of -5*x**2 - 1/20*x**5 + 2/3*x**3 + 11 + x + 1/3*x**4. What is the tens digit of r(-5)?
9
Let y(i) = 37*i**2 - 102*i - 61. What is the hundreds digit of y(-24)?
6
Let x = -10132 + 12846. What is the units digit of x?
4
Let u(n) = n**2 - 43*n + 280. Let b be u(8). Let r(c) = 5*c**2 - 4*c + 4. Let f be r(-5). Suppose 9*t - 1031 + f = b. What is the units digit of t?
8
Suppose -3*q = -5*i - 1725, -10*i = q - 8*i - 564. Suppose -w = -q + 74. What is the units digit of w?
6
Suppose 3*d - 1008 = 6*d. Let j = 713 + d. What is the tens digit of j?
7
Let v(z) = 2*z + 40 + 2 + 138. Let c = 0 + 0. What is the tens digit of v(c)?
8
Suppose -q - 55 + 182 = 0. Suppose -202 = -8*s + 350. Suppose 2*x = s + q. What is the tens digit of x?
9
Suppose 2*l = -5*c + 5, -l - 3*c - 29 = -3*l. Suppose -l*q + 2223 = -5137. What is the units digit of q?
6
Let s(n) = 168*n**2 + 17*n - 4. Let c(l) = 224*l**2 + 22*l - 5. Let g(f) = 7*c(f) - 9*s(f). Suppose 8 = -3*o - o. What is the hundreds digit of g(o)?
2
Suppose 4*h - 2324 = 5*x, 4*x = h + x - 574. Let l = -399 + h. Suppose 63 = -4*c + l. What is the tens digit of c?
3
Let p(a) = -2*a**2 - 27*a + 116. Let u(l) = l**2 + 13*l - 59. Let j(n) = 3*p(n) + 7*u(n). What is the tens digit of j(-29)?
8
Let g = -227 - -530. Let b = 717 - g. Let o = b - 143. What is the units digit of o?
1
Let q(z) = -106*z**2 + 3*z - 22. Let r be q(-5). Let p = -1732 - r. Suppose 3*a + 5*t = 6*a - 709, 3*t = -4*a + p. What is the tens digit of a?
3
Let f = 257 - 82. Suppose 4*u = -a + 107, 4*a - 673 + f = -2*u. What is the units digit of a?
7
What is the units digit of ((-147763)/(-14))/19*-22*-1?
1
Suppose -57*a = 4*f - 53*a - 3676, 5*f = -4*a + 4598. Suppose m = n + 928, -2*m + 3*m - f = 4*n. What is the units digit of m?
0
Let p(o) = 3*o - 21. Let d be p(11). Let b be 228/30 + d/(-20). Suppose b*x + 430 = 5*r + 2*x, -5*r + x + 418 = 0. What is the units digit of r?
3
Suppose 0 = -3*u + 2*t + 21553, 19*u = 17*u + 4*t + 14358. What is the thousands digit of u?
7
Let m(l) = 20*l + 80. Suppose -4*p - 3*i = -47, 2*i + 9 = -i. What is the hundreds digit of m(p)?
3
What is the tens digit of 44807/6 + (-545)/(-436)*4/30?
6
Suppose 5453 = -31*l + 1361. Let s(i) = 52*i**2 - 3*i + 1. Let a be s(2). Let x = l + a. What is the tens digit of x?
7
Suppose 3*a = -3*a + 2*a. Suppose a = -20*d + 3*d + 22780. What is the units digit of d?
0
Let n(p) = -719*p - 5675. What is the hundreds digit of n(-42)?
5
Let p(k) = -k**2 - 22*k - 16. Let m be p(-20). Let l = 45 + 10. Let r = m + l. What is the tens digit of r?
7
Let y(i) = 7*i**2 + 68*i + 15. Let r(o) = -10*o**2 - 101*o - 22. Let j(u) = 5*r(u) + 7*y(u). What is the hundreds digit of j(-18)?
1
Suppose 0 = n + q - 41, -3*n + 5*q + 60 = -55. Let l = n - -17. Suppose 0 = -v - 3*w + l, -2*w - 189 = -3*v - 51. What is the units digit of v?
8
What is the thousands digit of (-21 - 910/(-42))/((-4)/(-29442))?
4
Let o be (-6)/51 + 3341/221. Suppose -3*j - o = 0, 3*j + 191 + 469 = t. What is the tens digit of t?
4
Let g(x) = 13*x**2 - 18*x + 88. Let o be g(16). Let r = o - 1736. What is the tens digit of r?
9
Let o(u) = u**2 + 9. Let w be o(3). Let m(i) = i**3 - 14*i**2 - 42*i - 1. What is the hundreds digit of m(w)?
5
Let f(m) = -11773*m + 5872. What is the units digit of f(-4)?
4
Let u be 3/(-1) - (-14 - -1). Let k = 60 - u. Suppose -76 = -6*j + k. What is the units 